oes 15 divide 7815?
True
Is 400 a multiple of 25?
True
Is 18 a factor of 725?
False
Is 54 a factor of 4320?
True
Is 6 a factor of 3700?
False
Does 16 divide 656?
True
Is 22215 a multiple of 15?
True
Is 38 a factor of 891?
False
Does 11 divide 26686?
True
Is 17238 a multiple of 34?
True
Is 1656 a multiple of 18?
True
Is 26 a factor of 14326?
True
Is 300 a multiple of 13?
False
Is 135080 a multiple of 40?
True
Is 17 a factor of 127229?
False
Is 145743 a multiple of 13?
True
Is 24 a multiple of 12?
True
Is 27 a factor of 108?
True
Is 118680 a multiple of 12?
True
Is 6 a factor of 42?
True
Does 6 divide 3054?
True
Is 38 a factor of 18620?
True
Does 141 divide 4850?
False
Is 12 a factor of 72?
True
Does 6 divide 13776?
True
Is 19 a factor of 11857?
False
Is 19 a factor of 87362?
True
Is 3094 a multiple of 34?
True
Does 25 divide 6200?
True
Is 5805 a multiple of 27?
True
Is 14435 a multiple of 10?
False
Is 1442 a multiple of 18?
False
Is 1165 a multiple of 69?
False
Is 13 a factor of 572?
True
Does 169 divide 10164?
False
Does 148 divide 3980?
False
Does 3 divide 9838?
False
Is 19 a factor of 152?
True
Does 105 divide 225?
False
Does 33 divide 21579?
False
Is 13 a factor of 325?
True
Does 15 divide 345?
True
Does 4 divide 96?
True
Is 16 a factor of 101008?
True
Is 901 a multiple of 53?
True
Does 16 divide 848?
True
Is 6 a factor of 2158?
False
Does 18 divide 520?
False
Is 11 a factor of 636?
False
Is 7 a factor of 791?
True
Is 8176 a multiple of 16?
True
Is 3795 a multiple of 11?
True
Is 36 a multiple of 9?
True
Is 15 a factor of 15?
True
Does 18 divide 9522?
True
Is 212 a factor of 142142?
False
Does 180 divide 54438?
False
Is 201 a multiple of 27?
False
Is 26 a factor of 375?
False
Is 36 a factor of 6856?
False
Does 10 divide 23270?
True
Is 35 a factor of 1593?
False
Is 28 a factor of 1764?
True
Does 38 divide 38988?
True
Is 28748 a multiple of 8?
False
Does 36 divide 2628?
True
Does 146 divide 8660?
False
Does 105 divide 14700?
True
Does 14 divide 27160?
True
Does 12 divide 3627?
False
Does 325 divide 48425?
True
Is 126 a factor of 1071?
False
Is 60 a factor of 44768?
False
Does 31 divide 4743?
True
Is 5543 a multiple of 99?
False
Is 133 a factor of 24696?
False
Is 18 a factor of 2270?
False
Does 148 divide 7738?
False
Does 12 divide 771?
False
Does 14 divide 7747?
False
Is 76 a factor of 1578?
False
Does 16 divide 1504?
True
Is 19266 a multiple of 14?
False
Does 15 divide 12246?
False
Is 9 a factor of 5166?
True
Is 20 a factor of 1355?
False
Is 8514 a multiple of 9?
True
Is 31 a factor of 6603?
True
Does 9 divide 21128?
False
Is 14 a factor of 336?
True
Is 108 a factor of 20703?
False
Is 25 a factor of 5239?
False
Is 19864 a multiple of 104?
True
Is 39 a factor of 3908?
False
Is 19 a factor of 918?
False
Is 38 a factor of 2184?
False
Is 13574 a multiple of 11?
True
Does 70 divide 31959?
False
Is 38 a factor of 24130?
True
Does 9 divide 449?
False
Does 12 divide 13358?
False
Is 133 a multiple of 19?
True
Does 2 divide 633?
False
Is 193 a factor of 20844?
True
Is 56 a factor of 42616?
True
Is 1914 a multiple of 33?
True
Is 1043 a multiple of 14?
False
Does 113 divide 6215?
True
Does 56 divide 634?
False
Does 45 divide 14850?
True
Is 58140 a multiple of 102?
True
Does 14 divide 1583?
False
Is 806 a multiple of 21?
False
Is 6 a factor of 468?
True
Is 15 a factor of 19328?
False
Does 78 divide 38354?
False
Is 6 a factor of 12600?
True
Does 42 divide 1515?
False
Is 731 a multiple of 77?
False
Is 1466 a multiple of 12?
False
Is 9 a factor of 92?
False
Is 15 a factor of 45?
True
Is 55252 a multiple of 19?
True
Is 5040 a multiple of 10?
True
Is 5 a factor of 2500?
True
Does 3 divide 11?
False
Is 206 a multiple of 10?
False
Is 8003 a multiple of 53?
True
Is 2620 a multiple of 10?
True
Does 96 divide 1728?
True
Does 8 divide 190?
False
Is 80 a factor of 1920?
True
Is 42 a factor of 12539?
False
Does 10 divide 810?
True
Does 29 divide 1126?
False
Is 8 a factor of 946?
False
Is 990 a multiple of 5?
True
Does 8 divide 192?
True
Does 73 divide 5110?
True
Does 44 divide 1769?
False
Is 4768 a multiple of 149?
True
Is 31960 a multiple of 10?
True
Does 3 divide 242?
False
Is 1186 a multiple of 24?
False
Does 9 divide 405?
True
Does 21 divide 1050?
True
Is 189 a multiple of 9?
True
Is 2388 a multiple of 6?
True
Is 16 a factor of 21103?
False
Is 5 a factor of 1460?
True
Is 21 a factor of 61?
False
Does 10 divide 193?
False
Is 4 a factor of 471?
False
Does 5 divide 105?
True
Is 212 a factor of 3180?
True
Does 27 divide 2225?
False
Is 2 a factor of 369?
False
Is 13 a factor of 172?
False
Is 14 a factor of 33373?
False
Does 67 divide 147?
False
Is 17 a factor of 1243?
False
Is 26 a factor of 1586?
True
Does 14 divide 1929?
False
Is 91 a factor of 43586?
False
Is 1714 a multiple of 18?
False
Does 92 divide 276?
True
Does 41 divide 5977?
False
Is 57 a factor of 7296?
True
Is 820 a multiple of 10?
True
Is 269 a multiple of 6?
False
Is 10 a factor of 33750?
True
Does 21 divide 107720?
False
Is 1467 a multiple of 50?
False
Is 15997 a multiple of 13?
False
Is 17770 a multiple of 16?
False
Is 5410 a multiple of 8?
False
Is 3213 a multiple of 9?
True
Is 176 a multiple of 11?
True
Is 832 a multiple of 38?
False
Does 28 divide 9420?
False
Is 30 a factor of 571?
False
Does 4 divide 13780?
True
Does 32 divide 8677?
False
Does 169 divide 31772?
True
Is 1873 a multiple of 16?
False
Does 77 divide 8624?
True
Is 2296 a multiple of 12?
False
Is 137 even?
False
Does 47 divide 1413?
False
Is 2281 a multiple of 13?
False
Is 48200 a multiple of 50?
True
Is 920 a multiple of 23?
True
Does 174 divide 3715?
False
Is 94551 a multiple of 22?
False
Does 8 divide 6166?
False
Does 14 divide 217?
False
Is 7 a factor of 329?
True
Does 19 divide 76?
True
Is 10978 a multiple of 11?
True
Is 3663 a multiple of 12?
False
Is 56023 a multiple of 17?
False
Is 28066 a multiple of 257?
False
Is 3288 a multiple of 31?
False
Is 6624 a multiple of 16?
True
Is 55136 a multiple of 8?
True
Is 454 a multiple of 9?
False
Is 25716 a multiple of 12?
True
Is 295 a multiple of 20?
False
Is 42404 a multiple of 59?
False
Is 235 a multiple of 5?
True
Is 13 a factor of 3943?
False
Is 5 a factor of 8518?
False
Does 39 divide 5830?
False
Is 418 a multiple of 11?
True
Does 130 divide 6679?
False
Is 420 a multiple of 30?
True
Does 20 divide 117460?
True
Is 48 a factor of 3216?
True
Does 8 divide 2417?
False
Is 82 a factor of 3716?
False
Is 15205 a multiple of 12?
False
Is 396 a multiple of 12?
True
Does 28 divide 4648?
True
Does 8 divide 987?
False
Does 24 divide 1272?
True
Is 36 a factor of 338?
False
Is 8190 a multiple of 65?
True
Is 30 a factor of 1535?
False
Is 12650 a multiple of 25?
True
Does 2 divide 116?
True
Is 9052 a multiple of 6?
False
Is 152 a factor of 48830?
False
Does 105 divide 11130?
True
Does 5 divide 1100?
True
Does 20 divide 1940?
True
Does 17 divide 10081?
True
Is 3209 a multiple of 22?
False
Is 14 a factor of 2590?
True
Is 25 a factor of 39250?
True
Is 104 a factor of 6766?
False
Is 195 a factor of 33540?
True
Is 63 a factor of 126567?
True
Is 3168 a multiple of 18?
True
Is 2 a factor of 66?
True
Is 2927 a multiple of 28?
False
Is 1007 a multiple of 48?
False
Does 2 divide 3?
False
Is 2340 a multiple of 52?
True
Is 5366 a multiple of 75?
False
Does 12 divide 156?
True
Is 100 a factor of 23600?
True
Is 11 a factor of 421?
False
Is 288 a multiple of 9?
True
Is 1582 a multiple of 21?
False
Is 110 a factor of 2658?
False
Does 8 divide 2160?
True
Is 31 a factor of 1807?
False
Is 13 a factor of 364?
True
Is 5722 a multiple of 80?
False
Does 2 divide 2145?
False
Does 82 divide 2624?
True
Is 8 a factor of 4392?
True
Does 23 divide 9246?
True
Is 264 a multiple of 8?
True
Is 592 a multiple of 4?
True
Is 992 a multiple of 9?
False
Does 89 divide 1246?
True
Does 6 divide 62627?
False
Is 43928 a multiple of 34?
True
Is 36 a factor of 252?
True
Does 8 divide 941?
False
Does 34 divide 4689?
False
Is 49 a factor of 22981?
True
Is 35992 a multiple of 44?
True
Is 48006 a multiple of 18?
True
Is 33 a factor of 284?
False
Is 736 a multiple of 23?
True
Does 25 divide 18997?
False
Does 53 divide 212?
True
Is 79 a multiple of 14?
False
Is 23 a factor of 7086?
False
Is 127 a factor of 3879?
False
Is 32508 a multiple of 21?
T